s divided by 1245.
21
What is the remainder when 118373 is divided by 118351?
22
Calculate the remainder when 334265 is divided by 107.
104
What is the remainder when 330124 is divided by 82518?
52
What is the remainder when 5324 is divided by 26?
20
What is the remainder when 15025 is divided by 56?
17
Calculate the remainder when 2859 is divided by 65.
64
Calculate the remainder when 6706 is divided by 825.
106
Calculate the remainder when 23082 is divided by 4616.
2
What is the remainder when 19461 is divided by 32?
5
Calculate the remainder when 87928 is divided by 85.
38
What is the remainder when 384556 is divided by 128181?
13
Calculate the remainder when 18519 is divided by 1089.
6
Calculate the remainder when 2187 is divided by 653.
228
What is the remainder when 66442 is divided by 755?
2
What is the remainder when 84365 is divided by 21?
8
Calculate the remainder when 196960 is divided by 1059.
1045
Calculate the remainder when 15142 is divided by 2418.
634
What is the remainder when 366013 is divided by 182999?
15
Calculate the remainder when 324414 is divided by 65.
64
Calculate the remainder when 586209 is divided by 114.
21
Calculate the remainder when 5473 is divided by 104.
65
Calculate the remainder when 37943 is divided by 68.
67
What is the remainder when 61422 is divided by 192?
174
Calculate the remainder when 86314 is divided by 1837.
1812
What is the remainder when 25829 is divided by 923?
908
Calculate the remainder when 3055 is divided by 601.
50
What is the remainder when 4656 is divided by 541?
328
What is the remainder when 4195 is divided by 206?
75
Calculate the remainder when 73632 is divided by 182.
104
Calculate the remainder when 14726 is divided by 13.
10
Calculate the remainder when 446515 is divided by 259.
258
What is the remainder when 2372 is divided by 265?
252
What is the remainder when 109578 is divided by 94?
68
Calculate the remainder when 2135 is divided by 1056.
23
Calculate the remainder when 2633 is divided by 525.
8
What is the remainder when 2908 is divided by 93?
25
What is the remainder when 7968 is divided by 532?
520
Calculate the remainder when 1869 is divided by 890.
89
What is the remainder when 135447 is divided by 77?
4
Calculate the remainder when 33408 is divided by 3.
0
Calculate the remainder when 1188 is divided by 1040.
148
What is the remainder when 33407 is divided by 21?
17
What is the remainder when 143655 is divided by 19?
15
What is the remainder when 1866 is divided by 194?
120
Calculate the remainder when 5414 is divided by 1797.
23
Calculate the remainder when 639581 is divided by 258.
257
Calculate the remainder when 167125 is divided by 10.
5
Calculate the remainder when 6693 is divided by 26.
11
What is the remainder when 45753 is divided by 115?
98
Calculate the remainder when 1255 is divided by 516.
223
Calculate the remainder when 1955875 is divided by 311.
307
What is the remainder when 60493 is divided by 406?
405
Calculate the remainder when 2534 is divided by 663.
545
Calculate the remainder when 5495 is divided by 14.
7
What is the remainder when 2027909 is divided by 690?
689
Calculate the remainder when 26612 is divided by 184.
116
Calculate the remainder when 1209 is divided by 51.
36
Calculate the remainder when 15783 is divided by 225.
33
What is the remainder when 727727 is divided by 13231?
22
What is the remainder when 324488 is divided by 36051?
29
What is the remainder when 3012 is divided by 45?
42
Calculate the remainder when 218 is divided by 187.
31
Calculate the remainder when 57176 is divided by 30.
26
Calculate the remainder when 101529 is divided by 286.
285
Calculate the remainder when 297846 is divided by 14.
10
What is the remainder when 1967 is divided by 45?
32
What is the remainder when 103662 is divided by 62?
60
What is the remainder when 14746 is divided by 2075?
221
Calculate the remainder when 60687 is divided by 855.
837
What is the remainder when 1089933 is divided by 29?
26
Calculate the remainder when 21221 is divided by 96.
5
What is the remainder when 15038 is divided by 242?
34
Calculate the remainder when 31236 is divided by 949.
868
What is the remainder when 3783 is divided by 1890?
3
Calculate the remainder when 332494 is divided by 110811.
61
What is the remainder when 3845 is divided by 40?
5
Calculate the remainder when 2969 is divided by 248.
241
What is the remainder when 86063 is divided by 131?
127
Calculate the remainder when 14502 is divided by 111.
72
What is the remainder when 91763 is divided by 285?
278
Calculate the remainder when 5863 is divided by 939.
229
What is the remainder when 128531 is divided by 824?
811
Calculate the remainder when 3624 is divided by 1300.
1024
What is the remainder when 68639 is divided by 210?
179
What is the remainder when 19201 is divided by 6400?
1
What is the remainder when 11811 is divided by 62?
31
Calculate the remainder when 1561682 is divided by 42.
38
What is the remainder when 5227 is divided by 4?
3
What is the remainder when 1825349 is divided by 86921?
8
Calculate the remainder when 12212 is divided by 374.
244
What is the remainder when 111 is divided by 23?
19
Calculate the remainder when 9306 is divided by 521.
449
What is the remainder when 873 is divided by 48?
9
Calculate the remainder when 2223 is divided by 2037.
186
Calculate the remainder when 98536 is divided by 98504.
32
Calculate the remainder when 48910 is divided by 43.
19
What is the remainder when 730 is divided by 279?
172
Calculate the remainder when 1627 is divided by 630.
367
What is the remainder when 5352 is divided by 5253?
99
What is the remainder when 18305 is divided by 18247?
58
Calculate the remainder when 4959 is divided by 1237.
11
What is the remainder when 23710 is divided by 17?
12
What is the remainder when 101882 is divided by 90?
2
What is the remainder when 14285 is divided by 2854?
15
Calculate the remainder when 316536 is divided by 20.
16
What is the remainder when 239538 is divided by 1488?
1458
What is the remainder when 1048 is divided by 44?
36
Calculate the remainder when 894345 is divided by 1092.
1089
What is the remainder when 22369 is divided by 4473?
4
What is the remainder when 59168 is divided by 870?
8
Calculate the remainder when 22806 is divided by 4.
2
What is the remainder when 17965 is divided by 15?
10
What is the remainder when 28242 is divided by 614?
612
What is the remainder when 29712 is divided by 17?
13
Calculate the remainder when 225012 is divided by 31.
14
Calculate the remainder when 3183 is divided by 1055.
18
What is the remainder when 225176 is divided by 405?
401
Calculate the remainder when 17145 is divided by 64.
57
Calculate the remainder when 11609 is divided by 146.
75
What is the remainder when 3100 is divided by 76?
60
Calculate the remainder when 6335 is divided by 6.
5
Calculate the remainder when 111225 is divided by 678.
33
Calculate the remainder when 36718 is divided by 159.
148
What is the remainder when 1450 is divided by 31?
24
What is the remainder when 69061 is divided by 217?
55
What is the remainder when 83779 is divided by 83760?
19
Calculate the remainder when 2051 is divided by 93.
5
What is the remainder when 7259 is divided by 1459?
1423
Calculate the remainder when 898017 is divided by 2713.
14
What is the remainder when 16682 is divided by 78?
68
What is the remainder when 15555 is divided by 299?
7
What is the remainder when 2301 is divided by 26?
13
Calculate the remainder when 428543 is divided by 169.
128
Calculate the remainder when 80195 is divided by 8909.
14
What is the remainder when 231994 is divided by 64?
58
Calculate the remainder when 8999 is divided by 2.
1
What is the remainder when 276593 is divided by 307?
293
Calculate the remainder when 325313 is divided by 3536.
1
What is the remainder when 124719 is divided by 8?
7
What is the remainder when 2102380 is divided by 29?
25
Calculate the remainder when 328713 is divided by 16.
9
Calculate the remainder when 5486 is divided by 5470.
16
What is the remainder when 25775 is divided by 72?
71
What is the remainder when 2558 is divided by 41?
16
What is the remainder when 586 is divided by 62?
28
What is the remainder when 14297 is divided by 88